*w**3 - 16*w**2 + 17*w + 4. Let g(c) = -9*f(c) - 8*p(c). What is g(-3)?
26
Let t be -6 + ((-1 - 1)*2)/(-1). Let h be ((-12)/3)/t*(-54)/12. Let n(r) = r + 12. Calculate n(h).
3
Let l be 4/(-14) - (-247)/(-91). Let w(p) = -p**3 - 2*p**2 + p + 4. Calculate w(l).
10
Let u(h) = h**3 + 4*h**2 + h - 2. Let f be u(-2). Suppose -9 = -f*v + 15. Let g = -6 + v. Let k(d) = d**3 + d**2 + d + 6. Calculate k(g).
6
Let d(w) = -w**2 + 5*w + 8. Suppose 20*m = -11*m + 186. Determine d(m).
2
Let m(k) = 4*k**2 - 5*k - 2. Let v(c) = 4*c**2 - c**2 - 3 + 4*c**2 - c**2 - 7*c. Let n(h) = -7*m(h) + 5*v(h). Determine n(2).
7
Let q(n) be the first derivative of -n**4/4 - 4*n**3/3 - 5*n**2/2 - 4*n - 14. What is q(-3)?
2
Suppose -35*o + 41*o - 12 = 0. Let a(l) = 13*l**2 - 2*l + 3. Give a(o).
51
Let p(w) = w**2. Let b(m) = 2*m**3 - 3*m**2 + 1. Let t(a) = -b(a) - 2*p(a). Let k = -356 - -357. What is t(k)?
-2
Let d(c) be the third derivative of c**5/60 + 2*c**4/3 + c**3 + 3*c**2 + 23*c. What is d(-16)?
6
Let z be (-4 + 2 + 3)/(1/6). Let p(d) be the second derivative of d**5/120 - 5*d**4/24 + d**3/6 + d. Let s(o) be the second derivative of p(o). What is s(z)?
1
Let b = 17 - 12. Let j be 0 + (-2)/((-2)/b). Let k(z) = -48*z + 31*z + 16*z. Give k(j).
-5
Let n(l) = -5*l - 2. Let s(y) = -3*y - 1. Let m(d) = 2*n(d) - 3*s(d). Let g(q) = q**3 + 4*q**2 + 2*q + 2. Let v be g(-3). Calculate m(v).
-6
Let j(a) = a**3 + 3*a**2 + a - 4. Let i = 71 - 68. Suppose 10 = -4*o - u - 1, i*u - 11 = -o. What is j(o)?
-24
Let v be 100/40*12/10. Let u(i) = -i**3 + 5*i**2 - 2*i + 2. What is u(v)?
14
Let b(h) be the third derivative of -h**5/60 - h**4/4 - 2*h**2. Let d = 158 - 163. Determine b(d).
5
Let k(n) = -6 - 100*n + 50*n + 51*n - 6 - n**2. Determine k(0).
-12
Let u = 0 + 8. Let o(c) be the third derivative of -c**4/24 + 7*c**3/6 - 4*c**2 + 9. Calculate o(u).
-1
Let r(a) = -97030 + 3*a - a**2 - 97033 + 194066. Suppose -5*f + 5*w + 10 = 0, 0 = -4*f - 3*w + w + 14. Calculate r(f).
3
Let r(z) = 6 - 3 - 2*z + z**2 - 6. Let n(y) = -y**3 - 6*y**2 + 6*y - 4. Let m be n(-7). Determine r(m).
0
Let h(t) = -4*t - 13. Let s = 0 - 4. Let k be h(s). Let p(u) = -3*u - 5*u + k*u + 8*u. What is p(-3)?
-9
Let u(w) be the third derivative of 11*w**5/30 - w**4/24 - w**3/6 - w**2 - 78. Determine u(-1).
22
Let f = 24 - 20. Let y(k) = f - k - k + 3*k. Calculate y(-7).
-3
Let x be 2*(-2)/(-7) + 418/77. Let b(m) = -2*m**2 + 5*m + 4. Determine b(x).
-38
Let o(q) = 4*q**2 - 2*q - 1. Suppose -7*l = -10*l + 12. Let v be l/(-18) + (-14)/(-18)*-1. What is o(v)?
5
Suppose -3*w - 15 = -0. Let v(c) = 15*c**2 + 23*c - 15. Let s(o) = 7*o**2 + 11*o - 7. Let a(j) = 13*s(j) - 6*v(j). Calculate a(w).
-1
Suppose 0 = 3*r + h + 5, 3*h = -68*r + 69*r + 5. Let q(m) be the first derivative of 1 - 3/2*m**2 - m**3 - 3*m - 1/4*m**4. What is q(r)?
-1
Let b = 316 + -218. Let g(m) = -185*m + b*m + 89*m. Suppose 4*j = 4 - 8. What is g(j)?
-2
Let c = 6 + -4. Suppose -b - 4 = -c*b. Let d be (-14)/(-3)*(-6)/b. Let l(n) = n**2 + 7*n - 1. Give l(d).
-1
Let u(t) = t**2 - 5*t - 3. Let a(h) = 5*h**2 + 9*h + 8. Let i be a(-1). Give u(i).
-7
Suppose 2*x - 5 = 3*h, -x - 3*x - 2*h - 14 = 0. Let s be (-364)/(-63) - (-4)/18. Let i(w) = s*w**3 - w**3 - 6*w**3. Calculate i(x).
8
Let h = -15 + 24. Suppose 12 = 3*k - h. Let j(p) = -p + 7. Give j(k).
0
Let d(j) = 4*j**2 - 11*j + 11. Let a(b) = 9*b**2 - 22*b + 23. Let y(k) = 3*a(k) - 7*d(k). Calculate y(9).
10
Let t(h) = 5*h - 15. Let u(f) = -27*f + 78. Let o(q) = -21*t(q) - 4*u(q). Determine o(2).
9
Let v = -58 - -66. Suppose -v = -21*g + 19*g. Let i(d) = -d**2 + 2. Let x(j) = j**2 + j - 1. Let l(k) = 4*i(k) + 3*x(k). What is l(g)?
1
Let a = 7 + -5. Suppose 2 = a*x - 8. Let p(m) = -5*m**3 + 2*m**2 - 6*m + 3. Let h(y) = -y**3 - y**2 - 1. Let t(n) = 4*h(n) - p(n). What is t(x)?
-2
Let p = 552 - 555. Let y(j) = j**2 + 3*j - 1. Give y(p).
-1
Let u(y) be the third derivative of -11*y**4/24 + 5*y**3/6 - 2*y**2. Give u(4).
-39
Let i(l) = -3*l**3 - 56*l**2 + 17*l - 57. Let x be i(-19). Let n(h) = -h**3 - 19*h**2 + h + 24. Determine n(x).
5
Suppose -5*c = -2*y - 14, 7 = -0*c + c + y. Suppose -45 = -5*k - c*k. Let x(v) = -v**2 + 4*v + 7. Calculate x(k).
2
Suppose 0 = 5*u + 7 + 38. Let i = u - -21. Let o(b) = -4*b**2 + b**2 + 4*b**2 - 10*b + i. Calculate o(8).
-4
Suppose -2*q - 6 = -3*z - 0*z, -3*z = 0. Let y be 5/2 - 3/(-2). Let h(s) = -4 + 3 + y*s + 3 + 0. Give h(q).
-10
Let r(a) = -5*a. Let g(p) = -p + 2. Let t(h) = -2*g(h) + r(h). Calculate t(-8).
20
Let g be 3*(-2 + 1 - -2). Let f(l) be the second derivative of l**3/6 - 3*l**2/2 - 2*l - 428. Calculate f(g).
0
Let w(x) = x**2 + x. Let y(o) = 8*o**2 + o. Suppose -4*z - 10 = 2*h, h + 0 = -z - 2. Let p be y(h). Suppose p*i - 4*i = -10. Give w(i).
2
Let p(x) = -x**2 + x - 5. Let k(w) = w**3 - 8*w**2 - 11*w + 23. Let o be k(9). What is p(o)?
-25
Let i be 5/2*(-2 - 0). Let k(z) be the third derivative of -z**6/120 - z**5/10 - 5*z**4/24 + 5*z**3/6 + 31*z**2. Give k(i).
5
Let p(l) = l. Let b be p(0). Suppose b = 5*g - 2 - 123. Let k(d) = 9 - g - 2*d + 13. Determine k(3).
-9
Let f be 0 - (-2 + -2) - 3/1. Let j be (2/f + 1)/1. Let z(g) = -g**2 + 4. Calculate z(j).
-5
Let h = 2119 + -2121. Let k(c) = c**3 + c**2 + 3*c + 1. Calculate k(h).
-9
Let k(q) = 4*q - 1. Let n be k(1). Suppose -5*m + 4*j + 36 = -0*m, 0 = m + 4*j + 12. Let o(s) = -m*s + 3*s + 4 - n - 2*s. Determine o(3).
-8
Let g be (-15)/(1/(4/(-12))). Let y(u) = u**2 - 6*u - 3. Give y(g).
-8
Let p(u) = u**3 + 6*u**2 + 2*u - 1. Let z(l) = -l**2 - 35*l - 6. Let k be z(-35). What is p(k)?
-13
Suppose 29*f + 14 = 22*f. Let q(a) = 2*a**3 + 3*a**2 - 1. Calculate q(f).
-5
Let m(k) = 2*k - 2. Let q be ((-5)/(-10))/((-1)/(-162)). Let z be 2/(-9) + 261/q. Let v be z/(-9)*(-16 - 2). Give m(v).
10
Suppose -2 = 4*r - 10. Suppose r*p + 7 = 5*w, 0 - 3 = 2*p - w. Let m = -1 + p. Let t(z) = z**3 + 3*z**2 + 3*z + 1. What is t(m)?
-1
Suppose 0*h = 3*h - 12. Suppose -h*s = 41 - 13. Let o(l) be the first derivative of -l**2/2 - 6*l - 4. What is o(s)?
1
Let r(p) = p**3 + 29 - 10 - 17 - 6*p + 5*p**2. Let t be r(-6). Let u(z) = -z - 2. Calculate u(t).
-4
Suppose -176 = -2*t - 166. Let s(p) = 3*p - 12. What is s(t)?
3
Let y(u) = u**2 + 15*u - 18. Let q be y(-16). Let x(m) = -3*m + 1. Let n be x(q). Let r = n - 5. Let l(s) = 6*s - 1. Calculate l(r).
11
Let b(h) be the third derivative of 0*h + 6*h**2 - 1/2*h**3 + 1/8*h**4 - 1/15*h**5 + 0 + 1/120*h**6. Suppose 5*p - 15 = -0. Give b(p).
-3
Let g(j) = j**3 - j**2 + j - 12. Suppose -4*w = 2*d - 8, -4*d - 5*w + 11 = -d. Suppose d*z - 4 = 0, 10 = c + 3*z + 4. Calculate g(c).
-12
Let a be 1 + 6/30*35. Let p(t) = t - 6. Calculate p(a).
2
Let u(f) = f**3 + 11*f**2 + 12*f + 15. Suppose -4*t + 5*z - 60 = 0, -t + 3*z = 4*t + 62. Calculate u(t).
-5
Let w(o) = -53*o + 207. Let y be w(4). Let n(q) = -q**2 - 5*q + 12. Give n(y).
12
Let c(p) be the third derivative of p**5/12 + 5*p**4/6 - 3*p**3 + 45*p**2. Let a(k) = -3*k**2 - 10*k + 9. Let t(v) = 7*a(v) + 4*c(v). Give t(8).
7
Suppose 114 - 38 = 4*o. Let k = o + -18. Let j(x) = -3*x**3 - x**2 - 2*x**3 + 3*x**3. Give j(k).
-3
Suppose -14*d + 6*d = -48. Let m(l) be the second derivative of 5*l - 5/6*l**3 + 0 + 3*l**2 - 1/20*l**5 + 7/12*l**4. What is m(d)?
12
Let x(o) be the second derivative of 3/2*o**2 - 1/12*o**4 + 0 - 1/2*o**3 - 2*o. What is x(2)?
-7
Let r be -1 + 0 - (-2 + -2). Suppose -r*x = -1 + 4. Let l(q) = 13*q**3 + 2*q + 6. Let g(d) = 13*d**3 + 2*d + 5. Let s(u) = 5*g(u) - 4*l(u). Determine s(x).
-14
Let z(b) be the first derivative of 1/2*b**2 - 10*b + 42 + 1/3*b**3. Suppose -2*h + 3*h = 0. What is z(h)?
-10
Let v(z) be the second derivative of 0 - 1/6*z**3 + 1/12*z**4 + 27*z - 1/2*z**2. Calculate v(3).
5
Let l(y) = 5*y. Suppose 2*s - 11 = -5. Suppose -4*p - 26 = -5*h, 2*p + 2*p + 8 = -4*h. Suppose -2 = z + s*t + h, -2*z - 8 = -3*t. Give l(z).
-20
Let h(i) be the third derivative of 5/24*i**4 - 1/60*i**5 - 1/120*i**6 + 0 - 8*i**2 + 0*i + 1/3*i**3. Let c be h(-3). Let f(n) = -n**2 + 5*n + 5. Give f(c).
5
Let r(k) = k**2 - k - 4. Let u = 3 - 7. Determine r(u).
16
Let w(o) be the second derivative of -o**7/840 - o**6/180 - o**5/60 - o**4/8 - o**3/3 - 2*o. Let m(q) be the second derivative of w(q). Calculate m(-3).
12
Suppose 0 = 3*b - 4*m - 15, -b + m = -0*m -